{"id":5222,"date":"2018-10-31T09:17:06","date_gmt":"2018-10-31T09:17:06","guid":{"rendered":"http:\/\/mwjwarchitekci.pl\/?post_type=portfolio&#038;p=5222"},"modified":"2021-11-25T22:20:19","modified_gmt":"2021-11-25T22:20:19","slug":"ul-sarmacka-warszawa","status":"publish","type":"portfolio","link":"http:\/\/mwjwarchitekci.pl\/?portfolio=ul-sarmacka-warszawa","title":{"rendered":"WARSZAWA, SARMACKA"},"content":{"rendered":"<div class=\"wpb-content-wrapper\"><p>[vc_row full_width=&#8221;stretch_row_content&#8221; content_placement=&#8221;top&#8221;][vc_column][vc_single_image image=&#8221;5226&#8243; img_size=&#8221;full&#8221; alignment=&#8221;center&#8221;][\/vc_column][\/vc_row][vc_row][vc_column][vc_column_text]projekt:\u00a0\u00a0<strong>MWJW<\/strong>\u00a0 \u00a0 <strong>\/<\/strong>\u00a0 \u00a0 realizacja:\u00a0\u00a0<strong>2018 r.\u00a0<\/strong> \u00a0<strong> \/<\/strong>\u00a0 \u00a0 powierzchnia:\u00a0\u00a0<strong>~ 27 m<sup>2\u00a0 \u00a0 \u00a0<\/sup><\/strong><strong>\/<\/strong>\u00a0 \u00a0 fot:\u00a0\u00a0<strong>MWJW<\/strong><\/p>\n<p><span style=\"font-family: Calibri;\"><span style=\"color: #000000;\">\u00a0Projekt wn\u0119trz mikro kawalerki na wynajem. Po wyburzeniu \u015bcianek kuchni i odgrodzeniu przesuwnymi drzwiami fragmentu salonu, uda\u0142o si\u0119 wygospodarowa\u0107 wygodn\u0105 przestrze\u0144 do spania, odizolowan\u0105 od cz\u0119\u015bci dziennej mieszkania.<\/span><\/span>[\/vc_column_text][\/vc_column][vc_column][vc_column_text][\/vc_column_text][vc_column_text][\/vc_column_text][\/vc_column][\/vc_row][vc_row][vc_column][vc_column_text]<img loading=\"lazy\" decoding=\"async\" class=\"alignnone size-full wp-image-5225\" src=\"http:\/\/mwjwarchitekci.pl\/wp-content\/uploads\/2018\/10\/Sarmacka-4-m19_sypialnia.jpg\" alt=\"\" width=\"900\" height=\"1168\" srcset=\"http:\/\/mwjwarchitekci.pl\/wp-content\/uploads\/2018\/10\/Sarmacka-4-m19_sypialnia.jpg 900w, http:\/\/mwjwarchitekci.pl\/wp-content\/uploads\/2018\/10\/Sarmacka-4-m19_sypialnia-231x300.jpg 231w, http:\/\/mwjwarchitekci.pl\/wp-content\/uploads\/2018\/10\/Sarmacka-4-m19_sypialnia-768x997.jpg 768w, http:\/\/mwjwarchitekci.pl\/wp-content\/uploads\/2018\/10\/Sarmacka-4-m19_sypialnia-789x1024.jpg 789w, http:\/\/mwjwarchitekci.pl\/wp-content\/uploads\/2018\/10\/Sarmacka-4-m19_sypialnia-806x1046.jpg 806w, http:\/\/mwjwarchitekci.pl\/wp-content\/uploads\/2018\/10\/Sarmacka-4-m19_sypialnia-558x724.jpg 558w, http:\/\/mwjwarchitekci.pl\/wp-content\/uploads\/2018\/10\/Sarmacka-4-m19_sypialnia-700x908.jpg 700w\" sizes=\"auto, (max-width: 900px) 100vw, 900px\" \/>[\/vc_column_text][vc_column_text][\/vc_column_text][\/vc_column][\/vc_row][vc_row][vc_column][vc_column_text]<img loading=\"lazy\" decoding=\"async\" class=\"alignnone size-full wp-image-5224\" src=\"http:\/\/mwjwarchitekci.pl\/wp-content\/uploads\/2018\/10\/Sarmacka-4-m19_salon1.jpg\" alt=\"\" width=\"1200\" height=\"802\" srcset=\"http:\/\/mwjwarchitekci.pl\/wp-content\/uploads\/2018\/10\/Sarmacka-4-m19_salon1.jpg 1200w, http:\/\/mwjwarchitekci.pl\/wp-content\/uploads\/2018\/10\/Sarmacka-4-m19_salon1-300x201.jpg 300w, http:\/\/mwjwarchitekci.pl\/wp-content\/uploads\/2018\/10\/Sarmacka-4-m19_salon1-768x513.jpg 768w, http:\/\/mwjwarchitekci.pl\/wp-content\/uploads\/2018\/10\/Sarmacka-4-m19_salon1-1024x684.jpg 1024w, http:\/\/mwjwarchitekci.pl\/wp-content\/uploads\/2018\/10\/Sarmacka-4-m19_salon1-1116x746.jpg 1116w, http:\/\/mwjwarchitekci.pl\/wp-content\/uploads\/2018\/10\/Sarmacka-4-m19_salon1-806x539.jpg 806w, http:\/\/mwjwarchitekci.pl\/wp-content\/uploads\/2018\/10\/Sarmacka-4-m19_salon1-558x373.jpg 558w, http:\/\/mwjwarchitekci.pl\/wp-content\/uploads\/2018\/10\/Sarmacka-4-m19_salon1-700x468.jpg 700w\" sizes=\"auto, (max-width: 1200px) 100vw, 1200px\" \/>[\/vc_column_text][vc_column_text][\/vc_column_text][\/vc_column][\/vc_row][vc_row][vc_column][vc_column_text]<img loading=\"lazy\" decoding=\"async\" class=\"alignnone size-full wp-image-5227\" src=\"http:\/\/mwjwarchitekci.pl\/wp-content\/uploads\/2018\/10\/Sarmacka-4-m19_kuchnia.jpg\" alt=\"\" width=\"900\" height=\"1308\" srcset=\"http:\/\/mwjwarchitekci.pl\/wp-content\/uploads\/2018\/10\/Sarmacka-4-m19_kuchnia.jpg 900w, http:\/\/mwjwarchitekci.pl\/wp-content\/uploads\/2018\/10\/Sarmacka-4-m19_kuchnia-206x300.jpg 206w, http:\/\/mwjwarchitekci.pl\/wp-content\/uploads\/2018\/10\/Sarmacka-4-m19_kuchnia-768x1116.jpg 768w, http:\/\/mwjwarchitekci.pl\/wp-content\/uploads\/2018\/10\/Sarmacka-4-m19_kuchnia-705x1024.jpg 705w, http:\/\/mwjwarchitekci.pl\/wp-content\/uploads\/2018\/10\/Sarmacka-4-m19_kuchnia-806x1171.jpg 806w, http:\/\/mwjwarchitekci.pl\/wp-content\/uploads\/2018\/10\/Sarmacka-4-m19_kuchnia-558x811.jpg 558w, http:\/\/mwjwarchitekci.pl\/wp-content\/uploads\/2018\/10\/Sarmacka-4-m19_kuchnia-700x1017.jpg 700w\" sizes=\"auto, (max-width: 900px) 100vw, 900px\" \/>[\/vc_column_text][vc_column_text][\/vc_column_text][vc_column_text]<img loading=\"lazy\" decoding=\"async\" class=\"alignnone size-full wp-image-5228\" src=\"http:\/\/mwjwarchitekci.pl\/wp-content\/uploads\/2018\/10\/Sarmacka-4-m19_\u0142azienka.jpg\" alt=\"\" width=\"900\" height=\"1358\" srcset=\"http:\/\/mwjwarchitekci.pl\/wp-content\/uploads\/2018\/10\/Sarmacka-4-m19_\u0142azienka.jpg 900w, http:\/\/mwjwarchitekci.pl\/wp-content\/uploads\/2018\/10\/Sarmacka-4-m19_\u0142azienka-199x300.jpg 199w, http:\/\/mwjwarchitekci.pl\/wp-content\/uploads\/2018\/10\/Sarmacka-4-m19_\u0142azienka-768x1159.jpg 768w, http:\/\/mwjwarchitekci.pl\/wp-content\/uploads\/2018\/10\/Sarmacka-4-m19_\u0142azienka-679x1024.jpg 679w, http:\/\/mwjwarchitekci.pl\/wp-content\/uploads\/2018\/10\/Sarmacka-4-m19_\u0142azienka-806x1216.jpg 806w, http:\/\/mwjwarchitekci.pl\/wp-content\/uploads\/2018\/10\/Sarmacka-4-m19_\u0142azienka-558x842.jpg 558w, http:\/\/mwjwarchitekci.pl\/wp-content\/uploads\/2018\/10\/Sarmacka-4-m19_\u0142azienka-700x1056.jpg 700w\" sizes=\"auto, (max-width: 900px) 100vw, 900px\" \/>[\/vc_column_text][vc_column_text][\/vc_column_text][\/vc_column][\/vc_row][vc_row][vc_column][vc_column_text]<img loading=\"lazy\" decoding=\"async\" class=\"alignnone size-full wp-image-5226\" src=\"http:\/\/mwjwarchitekci.pl\/wp-content\/uploads\/2018\/10\/Sarmacka-4-m19_sypialnia-salon.jpg\" alt=\"\" width=\"900\" height=\"1678\" srcset=\"http:\/\/mwjwarchitekci.pl\/wp-content\/uploads\/2018\/10\/Sarmacka-4-m19_sypialnia-salon.jpg 900w, http:\/\/mwjwarchitekci.pl\/wp-content\/uploads\/2018\/10\/Sarmacka-4-m19_sypialnia-salon-161x300.jpg 161w, http:\/\/mwjwarchitekci.pl\/wp-content\/uploads\/2018\/10\/Sarmacka-4-m19_sypialnia-salon-768x1432.jpg 768w, http:\/\/mwjwarchitekci.pl\/wp-content\/uploads\/2018\/10\/Sarmacka-4-m19_sypialnia-salon-549x1024.jpg 549w, http:\/\/mwjwarchitekci.pl\/wp-content\/uploads\/2018\/10\/Sarmacka-4-m19_sypialnia-salon-806x1503.jpg 806w, http:\/\/mwjwarchitekci.pl\/wp-content\/uploads\/2018\/10\/Sarmacka-4-m19_sypialnia-salon-558x1040.jpg 558w, http:\/\/mwjwarchitekci.pl\/wp-content\/uploads\/2018\/10\/Sarmacka-4-m19_sypialnia-salon-700x1305.jpg 700w\" sizes=\"auto, (max-width: 900px) 100vw, 900px\" \/>[\/vc_column_text][\/vc_column][\/vc_row][vc_row][vc_column width=&#8221;2\/3&#8243;][\/vc_column][vc_column width=&#8221;1\/3&#8243;][vc_column_text][\/vc_column_text][\/vc_column][\/vc_row][vc_row][vc_column width=&#8221;2\/3&#8243;][\/vc_column][vc_column width=&#8221;1\/3&#8243;][vc_column_text][\/vc_column_text][\/vc_column][\/vc_row][vc_row][vc_column width=&#8221;2\/3&#8243;][vc_column_text][\/vc_column_text][\/vc_column][vc_column width=&#8221;1\/3&#8243;][\/vc_column][\/vc_row][vc_row][vc_column width=&#8221;2\/3&#8243;][vc_column_text][\/vc_column_text][\/vc_column][vc_column width=&#8221;1\/3&#8243;][\/vc_column][\/vc_row][vc_row][vc_column][vc_column_text][\/vc_column_text][\/vc_column][\/vc_row]<\/p>\n<\/div>","protected":false},"excerpt":{"rendered":"<p>[vc_row full_width=&#8221;stretch_row_content&#8221; content_placement=&#8221;top&#8221;][vc_column][vc_single_image image=&#8221;5226&#8243; img_size=&#8221;full&#8221; alignment=&#8221;center&#8221;][\/vc_column][\/vc_row][vc_row][vc_column][vc_column_text]projekt:\u00a0\u00a0MWJW\u00a0 \u00a0 \/\u00a0 \u00a0 realizacja:\u00a0\u00a02018 r.\u00a0 \u00a0 \/\u00a0 \u00a0 powierzchnia:\u00a0\u00a0~ 27 m2\u00a0 \u00a0 \u00a0\/\u00a0 \u00a0 fot:\u00a0\u00a0MWJW \u00a0Projekt wn\u0119trz mikro kawalerki na wynajem. Po wyburzeniu \u015bcianek kuchni i odgrodzeniu przesuwnymi drzwiami fragmentu salonu, uda\u0142o si\u0119 wygospodarowa\u0107 wygodn\u0105 przestrze\u0144 do spania, odizolowan\u0105 od cz\u0119\u015bci dziennej mieszkania.[\/vc_column_text][\/vc_column][vc_column][vc_column_text][\/vc_column_text][vc_column_text][\/vc_column_text][\/vc_column][\/vc_row][vc_row][vc_column][vc_column_text][\/vc_column_text][vc_column_text][\/vc_column_text][\/vc_column][\/vc_row][vc_row][vc_column][vc_column_text][\/vc_column_text][vc_column_text][\/vc_column_text][\/vc_column][\/vc_row][vc_row][vc_column][vc_column_text][\/vc_column_text][vc_column_text][\/vc_column_text][vc_column_text][\/vc_column_text][vc_column_text][\/vc_column_text][\/vc_column][\/vc_row][vc_row][vc_column][vc_column_text][\/vc_column_text][\/vc_column][\/vc_row][vc_row][vc_column width=&#8221;2\/3&#8243;][\/vc_column][vc_column width=&#8221;1\/3&#8243;][vc_column_text][\/vc_column_text][\/vc_column][\/vc_row][vc_row][vc_column width=&#8221;2\/3&#8243;][\/vc_column][vc_column width=&#8221;1\/3&#8243;][vc_column_text][\/vc_column_text][\/vc_column][\/vc_row][vc_row][vc_column width=&#8221;2\/3&#8243;][vc_column_text][\/vc_column_text][\/vc_column][vc_column width=&#8221;1\/3&#8243;][\/vc_column][\/vc_row][vc_row][vc_column&hellip;<\/p>\n","protected":false},"author":1,"featured_media":5226,"comment_status":"closed","ping_status":"closed","template":"","meta":{"_acf_changed":false,"footnotes":""},"portfolio_category":[21],"portfolio_tag":[],"class_list":["post-5222","portfolio","type-portfolio","status-publish","has-post-thumbnail","hentry","portfolio_category-wnetrza"],"acf":[],"_links":{"self":[{"href":"http:\/\/mwjwarchitekci.pl\/index.php?rest_route=\/wp\/v2\/portfolio\/5222","targetHints":{"allow":["GET"]}}],"collection":[{"href":"http:\/\/mwjwarchitekci.pl\/index.php?rest_route=\/wp\/v2\/portfolio"}],"about":[{"href":"http:\/\/mwjwarchitekci.pl\/index.php?rest_route=\/wp\/v2\/types\/portfolio"}],"author":[{"embeddable":true,"href":"http:\/\/mwjwarchitekci.pl\/index.php?rest_route=\/wp\/v2\/users\/1"}],"replies":[{"embeddable":true,"href":"http:\/\/mwjwarchitekci.pl\/index.php?rest_route=%2Fwp%2Fv2%2Fcomments&post=5222"}],"version-history":[{"count":7,"href":"http:\/\/mwjwarchitekci.pl\/index.php?rest_route=\/wp\/v2\/portfolio\/5222\/revisions"}],"predecessor-version":[{"id":5288,"href":"http:\/\/mwjwarchitekci.pl\/index.php?rest_route=\/wp\/v2\/portfolio\/5222\/revisions\/5288"}],"wp:featuredmedia":[{"embeddable":true,"href":"http:\/\/mwjwarchitekci.pl\/index.php?rest_route=\/wp\/v2\/media\/5226"}],"wp:attachment":[{"href":"http:\/\/mwjwarchitekci.pl\/index.php?rest_route=%2Fwp%2Fv2%2Fmedia&parent=5222"}],"wp:term":[{"taxonomy":"portfolio_category","embeddable":true,"href":"http:\/\/mwjwarchitekci.pl\/index.php?rest_route=%2Fwp%2Fv2%2Fportfolio_category&post=5222"},{"taxonomy":"portfolio_tag","embeddable":true,"href":"http:\/\/mwjwarchitekci.pl\/index.php?rest_route=%2Fwp%2Fv2%2Fportfolio_tag&post=5222"}],"curies":[{"name":"wp","href":"https:\/\/api.w.org\/{rel}","templated":true}]}}

<div class="wpb-content-wrapper"><p>[vc_row full_width=&#8221;stretch_row_content&#8221; content_placement=&#8221;top&#8221;][vc_column][vc_single_image image=&#8221;5226&#8243; img_size=&#8221;full&#8221; alignment=&#8221;center&#8221;][/vc_column][/vc_row][vc_row][vc_column][vc_column_text]projekt:  <strong>MWJW</strong>    <strong>/</strong>    realizacja:  <strong>2018 r. </strong>  <strong> /</strong>    powierzchnia:  <strong>~ 27 m<sup>2     </sup></strong><strong>/</strong>    fot:  <strong>MWJW</strong></p>
<p><span style="font-family: Calibri;"><span style="color: #000000;"> Projekt wnętrz mikro kawalerki na wynajem. Po wyburzeniu ścianek kuchni i odgrodzeniu przesuwnymi drzwiami fragmentu salonu, udało się wygospodarować wygodną przestrzeń do spania, odizolowaną od części dziennej mieszkania.</span></span>[/vc_column_text][/vc_column][vc_column][vc_column_text][/vc_column_text][vc_column_text][/vc_column_text][/vc_column][/vc_row][vc_row][vc_column][vc_column_text]<img loading="lazy" decoding="async" class="alignnone size-full wp-image-5225" src="http://mwjwarchitekci.pl/wp-content/uploads/2018/10/Sarmacka-4-m19_sypialnia.jpg" alt="" width="900" height="1168" srcset="http://mwjwarchitekci.pl/wp-content/uploads/2018/10/Sarmacka-4-m19_sypialnia.jpg 900w, http://mwjwarchitekci.pl/wp-content/uploads/2018/10/Sarmacka-4-m19_sypialnia-231x300.jpg 231w, http://mwjwarchitekci.pl/wp-content/uploads/2018/10/Sarmacka-4-m19_sypialnia-768x997.jpg 768w, http://mwjwarchitekci.pl/wp-content/uploads/2018/10/Sarmacka-4-m19_sypialnia-789x1024.jpg 789w, http://mwjwarchitekci.pl/wp-content/uploads/2018/10/Sarmacka-4-m19_sypialnia-806x1046.jpg 806w, http://mwjwarchitekci.pl/wp-content/uploads/2018/10/Sarmacka-4-m19_sypialnia-558x724.jpg 558w, http://mwjwarchitekci.pl/wp-content/uploads/2018/10/Sarmacka-4-m19_sypialnia-700x908.jpg 700w" sizes="auto, (max-width: 900px) 100vw, 900px" />[/vc_column_text][vc_column_text][/vc_column_text][/vc_column][/vc_row][vc_row][vc_column][vc_column_text]<img loading="lazy" decoding="async" class="alignnone size-full wp-image-5224" src="http://mwjwarchitekci.pl/wp-content/uploads/2018/10/Sarmacka-4-m19_salon1.jpg" alt="" width="1200" height="802" srcset="http://mwjwarchitekci.pl/wp-content/uploads/2018/10/Sarmacka-4-m19_salon1.jpg 1200w, http://mwjwarchitekci.pl/wp-content/uploads/2018/10/Sarmacka-4-m19_salon1-300x201.jpg 300w, http://mwjwarchitekci.pl/wp-content/uploads/2018/10/Sarmacka-4-m19_salon1-768x513.jpg 768w, http://mwjwarchitekci.pl/wp-content/uploads/2018/10/Sarmacka-4-m19_salon1-1024x684.jpg 1024w, http://mwjwarchitekci.pl/wp-content/uploads/2018/10/Sarmacka-4-m19_salon1-1116x746.jpg 1116w, http://mwjwarchitekci.pl/wp-content/uploads/2018/10/Sarmacka-4-m19_salon1-806x539.jpg 806w, http://mwjwarchitekci.pl/wp-content/uploads/2018/10/Sarmacka-4-m19_salon1-558x373.jpg 558w, http://mwjwarchitekci.pl/wp-content/uploads/2018/10/Sarmacka-4-m19_salon1-700x468.jpg 700w" sizes="auto, (max-width: 1200px) 100vw, 1200px" />[/vc_column_text][vc_column_text][/vc_column_text][/vc_column][/vc_row][vc_row][vc_column][vc_column_text]<img loading="lazy" decoding="async" class="alignnone size-full wp-image-5227" src="http://mwjwarchitekci.pl/wp-content/uploads/2018/10/Sarmacka-4-m19_kuchnia.jpg" alt="" width="900" height="1308" srcset="http://mwjwarchitekci.pl/wp-content/uploads/2018/10/Sarmacka-4-m19_kuchnia.jpg 900w, http://mwjwarchitekci.pl/wp-content/uploads/2018/10/Sarmacka-4-m19_kuchnia-206x300.jpg 206w, http://mwjwarchitekci.pl/wp-content/uploads/2018/10/Sarmacka-4-m19_kuchnia-768x1116.jpg 768w, http://mwjwarchitekci.pl/wp-content/uploads/2018/10/Sarmacka-4-m19_kuchnia-705x1024.jpg 705w, http://mwjwarchitekci.pl/wp-content/uploads/2018/10/Sarmacka-4-m19_kuchnia-806x1171.jpg 806w, http://mwjwarchitekci.pl/wp-content/uploads/2018/10/Sarmacka-4-m19_kuchnia-558x811.jpg 558w, http://mwjwarchitekci.pl/wp-content/uploads/2018/10/Sarmacka-4-m19_kuchnia-700x1017.jpg 700w" sizes="auto, (max-width: 900px) 100vw, 900px" />[/vc_column_text][vc_column_text][/vc_column_text][vc_column_text]<img loading="lazy" decoding="async" class="alignnone size-full wp-image-5228" src="http://mwjwarchitekci.pl/wp-content/uploads/2018/10/Sarmacka-4-m19_łazienka.jpg" alt="" width="900" height="1358" srcset="http://mwjwarchitekci.pl/wp-content/uploads/2018/10/Sarmacka-4-m19_łazienka.jpg 900w, http://mwjwarchitekci.pl/wp-content/uploads/2018/10/Sarmacka-4-m19_łazienka-199x300.jpg 199w, http://mwjwarchitekci.pl/wp-content/uploads/2018/10/Sarmacka-4-m19_łazienka-768x1159.jpg 768w, http://mwjwarchitekci.pl/wp-content/uploads/2018/10/Sarmacka-4-m19_łazienka-679x1024.jpg 679w, http://mwjwarchitekci.pl/wp-content/uploads/2018/10/Sarmacka-4-m19_łazienka-806x1216.jpg 806w, http://mwjwarchitekci.pl/wp-content/uploads/2018/10/Sarmacka-4-m19_łazienka-558x842.jpg 558w, http://mwjwarchitekci.pl/wp-content/uploads/2018/10/Sarmacka-4-m19_łazienka-700x1056.jpg 700w" sizes="auto, (max-width: 900px) 100vw, 900px" />[/vc_column_text][vc_column_text][/vc_column_text][/vc_column][/vc_row][vc_row][vc_column][vc_column_text]<img loading="lazy" decoding="async" class="alignnone size-full wp-image-5226" src="http://mwjwarchitekci.pl/wp-content/uploads/2018/10/Sarmacka-4-m19_sypialnia-salon.jpg" alt="" width="900" height="1678" srcset="http://mwjwarchitekci.pl/wp-content/uploads/2018/10/Sarmacka-4-m19_sypialnia-salon.jpg 900w, http://mwjwarchitekci.pl/wp-content/uploads/2018/10/Sarmacka-4-m19_sypialnia-salon-161x300.jpg 161w, http://mwjwarchitekci.pl/wp-content/uploads/2018/10/Sarmacka-4-m19_sypialnia-salon-768x1432.jpg 768w, http://mwjwarchitekci.pl/wp-content/uploads/2018/10/Sarmacka-4-m19_sypialnia-salon-549x1024.jpg 549w, http://mwjwarchitekci.pl/wp-content/uploads/2018/10/Sarmacka-4-m19_sypialnia-salon-806x1503.jpg 806w, http://mwjwarchitekci.pl/wp-content/uploads/2018/10/Sarmacka-4-m19_sypialnia-salon-558x1040.jpg 558w, http://mwjwarchitekci.pl/wp-content/uploads/2018/10/Sarmacka-4-m19_sypialnia-salon-700x1305.jpg 700w" sizes="auto, (max-width: 900px) 100vw, 900px" />[/vc_column_text][/vc_column][/vc_row][vc_row][vc_column width=&#8221;2/3&#8243;][/vc_column][vc_column width=&#8221;1/3&#8243;][vc_column_text][/vc_column_text][/vc_column][/vc_row][vc_row][vc_column width=&#8221;2/3&#8243;][/vc_column][vc_column width=&#8221;1/3&#8243;][vc_column_text][/vc_column_text][/vc_column][/vc_row][vc_row][vc_column width=&#8221;2/3&#8243;][vc_column_text][/vc_column_text][/vc_column][vc_column width=&#8221;1/3&#8243;][/vc_column][/vc_row][vc_row][vc_column width=&#8221;2/3&#8243;][vc_column_text][/vc_column_text][/vc_column][vc_column width=&#8221;1/3&#8243;][/vc_column][/vc_row][vc_row][vc_column][vc_column_text][/vc_column_text][/vc_column][/vc_row]</p>
</div>

<p>[vc_row full_width=&#8221;stretch_row_content&#8221; content_placement=&#8221;top&#8221;][vc_column][vc_single_image image=&#8221;5226&#8243; img_size=&#8221;full&#8221; alignment=&#8221;center&#8221;][/vc_column][/vc_row][vc_row][vc_column][vc_column_text]projekt:  MWJW    /    realizacja:  2018 r.    /    powierzchnia:  ~ 27 m2     /    fot:  MWJW  Projekt wnętrz mikro kawalerki na wynajem. Po wyburzeniu ścianek kuchni i odgrodzeniu przesuwnymi drzwiami fragmentu salonu, udało się wygospodarować wygodną przestrzeń do spania, odizolowaną od części dziennej mieszkania.[/vc_column_text][/vc_column][vc_column][vc_column_text][/vc_column_text][vc_column_text][/vc_column_text][/vc_column][/vc_row][vc_row][vc_column][vc_column_text][/vc_column_text][vc_column_text][/vc_column_text][/vc_column][/vc_row][vc_row][vc_column][vc_column_text][/vc_column_text][vc_column_text][/vc_column_text][/vc_column][/vc_row][vc_row][vc_column][vc_column_text][/vc_column_text][vc_column_text][/vc_column_text][vc_column_text][/vc_column_text][vc_column_text][/vc_column_text][/vc_column][/vc_row][vc_row][vc_column][vc_column_text][/vc_column_text][/vc_column][/vc_row][vc_row][vc_column width=&#8221;2/3&#8243;][/vc_column][vc_column width=&#8221;1/3&#8243;][vc_column_text][/vc_column_text][/vc_column][/vc_row][vc_row][vc_column width=&#8221;2/3&#8243;][/vc_column][vc_column width=&#8221;1/3&#8243;][vc_column_text][/vc_column_text][/vc_column][/vc_row][vc_row][vc_column width=&#8221;2/3&#8243;][vc_column_text][/vc_column_text][/vc_column][vc_column width=&#8221;1/3&#8243;][/vc_column][/vc_row][vc_row][vc_column&hellip;</p>
